{"id":367,"date":"2025-01-27T09:43:09","date_gmt":"2025-01-27T09:43:09","guid":{"rendered":"https:\/\/partnerschaftsverein-weilrod.de\/?page_id=367"},"modified":"2026-01-28T09:10:53","modified_gmt":"2026-01-28T09:10:53","slug":"der-vorstand-stellt-sich-vor","status":"publish","type":"page","link":"https:\/\/partnerschaftsverein-weilrod.de\/index.php\/sample-page\/der-vorstand-stellt-sich-vor\/","title":{"rendered":"In der Presse"},"content":{"rendered":"\n<p><\/p>\n\n\n\n<p class=\"has-light-green-cyan-background-color has-background\"><strong>Jugendaustausch<\/strong><br><br>Vom <strong>9. bis 16. Juli<\/strong> <strong>2025<\/strong> machten sich zw\u00f6lf Jugendliche aus Weilrod, sechs M\u00e4dchen und sechs Jungen, gemeinsam mit vier Betreuern auf den Weg zu unserer franz\u00f6sischen Partnergemeinde Billy-Berclau. Nach dem Start am Mittwoch in Riedelbach erreichten wir direkt den Empfang, bei dem unsere Gastgeber uns mit kleinen Geb\u00e4cken und alkoholfreien Getr\u00e4nken begr\u00fc\u00dften. Die Atmosph\u00e4re war von Anfang an herzlich und offen. Am Abend im Jugendhaus gab es eine besondere \u00dcberraschung: Die franz\u00f6sischen Jugendlichen hatten f\u00fcr jeden von uns ein gestaltetes T-Shirt vorbereitet, w\u00e4hrend wir ihnen Kappen schenkten. Als bleibende Erinnerung \u00fcberreichten wir au\u00dferdem ein selbstbemaltes Wikingerschach und M\u00f6lkky, ideale Spiele, um auch in den kommenden Tagen den Spa\u00df gemeinsam hochzuhalten.<br><br>Unser Lager war ein kleines Highlight: Zwei gro\u00dfe 6-Personen-Tippis f\u00fcr die Weilroder M\u00e4dchen und Jungen, umgeben von kleineren Zelten der franz\u00f6sischen Jugendlichen, bildeten sie einen Kreis um die Feuerschale einen gem\u00fctlichen Gemeinschaftsraum unter dem Sternenhimmel. Das gemeinsame Aufbauen der Zelte war von einem tollen Miteinander gepr\u00e4gt, schnell waren Hemmungen abgebaut und wir lernten uns besser kennen.<br><br>Der Donnerstag brachte einen Tagesausflug der Extraklasse: Nach rund dreist\u00fcndiger Busfahrt starteten wir in Paris an der weltber\u00fchmten Kathedrale Notre Dame. Der Fu\u00dfmarsch durch die Stadt war zwar anstrengend, doch der Ausblick vom Triumphbogen hinab auf die breiten Boulevards und die ikonische Skyline entsch\u00e4digte alle M\u00fchen. Begeistert bestaunten wir das Louvre, den Place de la Concorde und die Champs \u00c9lys\u00e9e, bevor wir auf einer entspannten Bootstour auf der Seine den Eiffelturm und weitere Sehensw\u00fcrdigkeiten aus einer ganz neuen Perspektive bewundern konnten.<br><br>Der Freitag stand ganz im Zeichen von Sport und Action: Vormittags versuchten sich alle beim Stand-up-Paddling. Dabei wurden die Boards regelrecht \u201egekapert\u201c, als sich die Jugendlichen gegenseitig ins Wasser bef\u00f6rderten und kleine \u00dcberf\u00e4lle aufeinander starteten und eine spielerische Stimmung aufkam, die Br\u00fccken zwischen den Gruppen baute.<br><br>Am Samstag genossen wir den Tag am Meer in D\u00fcnkirchen. Bei einem gemeinsamen Picknick st\u00e4rkten wir uns, w\u00e4hrend einige immer wieder ins Wasser sprangen, andere barfu\u00df Strandfu\u00dfball spielten oder einfach entspannt die Sonne genossen. Ein perfekter Sommertag, der viele sch\u00f6ne Momente schenkte.<br><br>Der Sonntag f\u00fchrte uns zu eindrucksvollen Gedenkst\u00e4tten: Die Jugendlichen zeigten sich tief interessiert an den Hintergr\u00fcnden des kanadischen Einsatzes bei Vimy sowie an dem gr\u00f6\u00dften franz\u00f6sischen Friedhof der Region. Die Erkl\u00e4rungen zu den St\u00e4tten und das nahegelegene Anneau de la m\u00e9moire hinterlie\u00dfen eine bedr\u00fcckende, aber auch nachdenkliche Stimmung, ein wichtiger kultureller Teil des Austauschs.<br><br>Am Abend stand ein gro\u00dfes Fest anl\u00e4sslich des Nationalfeiertags bevor. Der Vorabend wurde mit Live-Musik und einem spektakul\u00e4ren Feuerwerk gefeiert, bei dem sogar B\u00fcrgermeister Steve Bossart singend die Menge begeisterte. Die Stimmung war ausgelassen, der Zusammenhalt unter den Anwohnern sp\u00fcrbar.<br><br>Der 14. Juli begann mit einem festlichen Umzug durch den Ort, bei dem ein Blumengesteck \u00fcber dem Wort \u201eLibert\u00e9\u201c abgelegt wurde. Anschlie\u00dfend fand im Garten des kleinen Prinzen die offizielle Gedenkfeier mit gro\u00dfem BBQ statt, bei der auch ein herzlicher Gru\u00df an unsere Partnergemeinde Weilrod nicht fehlte. Am Abend rundeten abwechslungsreiche Teamaktivit\u00e4ten diesen besonderen Tag ab.<br><br>Der vorletzte Tag f\u00fchrte uns in die Bergbau-Region mit Besuchen in einer alten Mine und den beeindruckenden Halden, die Zeugnisse der harten Arbeit der Bergleute sind. Besonders beeindruckend war f\u00fcr uns alle das Bewusstsein, welch enorme Anstrengungen und Lebensbedingungen die Menschen damals ertragen mussten.<br><br>Der Abschied am Mittwoch fiel uns allen schwer. Nach dem Verstauen des Gep\u00e4cks im Bus gab es eine gro\u00dfe Verabschiedungsrunde, in der viele Jugendliche Kontaktdaten austauschten, um mit den Jugendlichen aus Billy-Berclau in Kontakt bleiben zu k\u00f6nnen.<br><br>R\u00fcckblickend nehme ich als Betreuer vor allem mit, wie herzlich wir aufgenommen wurden und wie viel Freude und Zusammenhalt diese Woche gepr\u00e4gt haben. Es wurde oft mit H\u00e4nden und F\u00fc\u00dfen kommuniziert, doch das tat dem Erleben und dem Spa\u00df keinen Abbruch. Der Austausch mit Billy-Berclau ist eine wertvolle Br\u00fccke zwischen unseren Gemeinden, die wir unbedingt weiter pflegen sollten.<br><br>&#8211; Anna Habermann<\/p>\n\n\n\n<p><\/p>\n\n\n\n<hr class=\"wp-block-separator has-alpha-channel-opacity is-style-wide\" style=\"margin-top:0;margin-bottom:0\"\/>\n\n\n\n<p>25.01.2025 &#8211; Usinger Anzeiger<\/p>\n\n\n\n<figure class=\"wp-block-image size-large\"><img loading=\"lazy\" decoding=\"async\" width=\"1024\" height=\"541\" src=\"https:\/\/partnerschaftsverein-weilrod.de\/wp-content\/uploads\/2025\/01\/2025_01_25_Zeitungsartikel-1024x541.jpg\" alt=\"\" class=\"wp-image-386\" srcset=\"https:\/\/partnerschaftsverein-weilrod.de\/wp-content\/uploads\/2025\/01\/2025_01_25_Zeitungsartikel-1024x541.jpg 1024w, https:\/\/partnerschaftsverein-weilrod.de\/wp-content\/uploads\/2025\/01\/2025_01_25_Zeitungsartikel-300x159.jpg 300w, https:\/\/partnerschaftsverein-weilrod.de\/wp-content\/uploads\/2025\/01\/2025_01_25_Zeitungsartikel-768x406.jpg 768w, https:\/\/partnerschaftsverein-weilrod.de\/wp-content\/uploads\/2025\/01\/2025_01_25_Zeitungsartikel-1536x812.jpg 1536w, https:\/\/partnerschaftsverein-weilrod.de\/wp-content\/uploads\/2025\/01\/2025_01_25_Zeitungsartikel.jpg 1600w\" sizes=\"auto, (max-width: 1024px) 100vw, 1024px\" \/><\/figure>\n\n\n\n<hr class=\"wp-block-separator has-alpha-channel-opacity is-style-wide\"\/>\n\n\n\n<p>19.03.2024 &#8211; Usinger Anzeiger<\/p>\n\n\n\n<figure class=\"wp-block-image size-large\"><img loading=\"lazy\" decoding=\"async\" width=\"1024\" height=\"725\" src=\"https:\/\/partnerschaftsverein-weilrod.de\/wp-content\/uploads\/2025\/01\/2024_04_03_Zeitungsartikel-1024x725.jpg\" alt=\"\" class=\"wp-image-385\" srcset=\"https:\/\/partnerschaftsverein-weilrod.de\/wp-content\/uploads\/2025\/01\/2024_04_03_Zeitungsartikel-1024x725.jpg 1024w, https:\/\/partnerschaftsverein-weilrod.de\/wp-content\/uploads\/2025\/01\/2024_04_03_Zeitungsartikel-300x212.jpg 300w, https:\/\/partnerschaftsverein-weilrod.de\/wp-content\/uploads\/2025\/01\/2024_04_03_Zeitungsartikel-768x544.jpg 768w, https:\/\/partnerschaftsverein-weilrod.de\/wp-content\/uploads\/2025\/01\/2024_04_03_Zeitungsartikel-1536x1088.jpg 1536w, https:\/\/partnerschaftsverein-weilrod.de\/wp-content\/uploads\/2025\/01\/2024_04_03_Zeitungsartikel.jpg 1600w\" sizes=\"auto, (max-width: 1024px) 100vw, 1024px\" \/><\/figure>\n\n\n\n<hr class=\"wp-block-separator has-alpha-channel-opacity is-style-wide\"\/>\n\n\n\n<p>30.05.2022<br><a href=\"https:\/\/www.fnp.de\/lokales\/hochtaunus\/weilrod-ort893445\/20-und-ein-jahr-partnerschaft-91581438.html\" target=\"_blank\" rel=\"noreferrer noopener\">20 und ein Jahr Partnerschaft<\/a> &#8211; Frankfurt Neue Presse<\/p>\n\n\n\n<hr class=\"wp-block-separator has-alpha-channel-opacity is-style-wide\"\/>\n\n\n\n<p>27.05.2022<br><a href=\"https:\/\/www.fnp.de\/lokales\/hochtaunus\/weilrod-ort893445\/ein-gluecklicher-zufall-91576525.html\" target=\"_blank\" rel=\"noreferrer noopener\">Ein gl\u00fccklicher Zufall<\/a> &#8211; Frankfurter Neue Presse<\/p>\n\n\n\n<hr class=\"wp-block-separator has-alpha-channel-opacity is-style-wide\"\/>\n\n\n\n<p>10.05.2022 <br><a href=\"https:\/\/www.oscar-am-freitag.de\/beitraege-gotha\/besuch-in-der-partnergemeinde-weilrod\/\" target=\"_blank\" rel=\"noreferrer noopener\">Besuch in der Partnergemeinde Weilrod<\/a> &#8211; Oscar am Freitag<\/p>\n\n\n\n<p><\/p>\n","protected":false},"excerpt":{"rendered":"<p>Jugendaustausch Vom 9. bis 16. Juli 2025 machten sich zw\u00f6lf Jugendliche aus Weilrod, sechs M\u00e4dchen und sechs Jungen, gemeinsam mit vier Betreuern auf den Weg zu unserer franz\u00f6sischen Partnergemeinde Billy-Berclau. Nach dem Start am Mittwoch in Riedelbach erreichten wir direkt den Empfang, bei dem unsere Gastgeber uns mit kleinen Geb\u00e4cken und alkoholfreien Getr\u00e4nken begr\u00fc\u00dften. Die [&hellip;]<\/p>\n","protected":false},"author":1,"featured_media":0,"parent":2,"menu_order":0,"comment_status":"closed","ping_status":"closed","template":"","meta":{"footnotes":""},"class_list":["post-367","page","type-page","status-publish","hentry"],"yoast_head":"<!-- This site is optimized with the Yoast SEO plugin v27.3 - https:\/\/yoast.com\/product\/yoast-seo-wordpress\/ -->\n<title>In der Presse - \u00a9 2024 -2026 :: Verein zur F\u00f6rderung nationaler und internationaler Beziehungen Weilrod e.V.<\/title>\n<meta name=\"robots\" content=\"index, follow, max-snippet:-1, max-image-preview:large, max-video-preview:-1\" \/>\n<link rel=\"canonical\" href=\"https:\/\/partnerschaftsverein-weilrod.de\/index.php\/sample-page\/der-vorstand-stellt-sich-vor\/\" \/>\n<meta property=\"og:locale\" content=\"de_DE\" \/>\n<meta property=\"og:type\" content=\"article\" \/>\n<meta property=\"og:title\" content=\"In der Presse - \u00a9 2024 -2026 :: Verein zur F\u00f6rderung nationaler und internationaler Beziehungen Weilrod e.V.\" \/>\n<meta property=\"og:description\" content=\"Jugendaustausch Vom 9. bis 16. Juli 2025 machten sich zw\u00f6lf Jugendliche aus Weilrod, sechs M\u00e4dchen und sechs Jungen, gemeinsam mit vier Betreuern auf den Weg zu unserer franz\u00f6sischen Partnergemeinde Billy-Berclau. Nach dem Start am Mittwoch in Riedelbach erreichten wir direkt den Empfang, bei dem unsere Gastgeber uns mit kleinen Geb\u00e4cken und alkoholfreien Getr\u00e4nken begr\u00fc\u00dften. Die [&hellip;]\" \/>\n<meta property=\"og:url\" content=\"https:\/\/partnerschaftsverein-weilrod.de\/index.php\/sample-page\/der-vorstand-stellt-sich-vor\/\" \/>\n<meta property=\"og:site_name\" content=\"\u00a9 2024 -2026 :: Verein zur F\u00f6rderung nationaler und internationaler Beziehungen Weilrod e.V.\" \/>\n<meta property=\"article:modified_time\" content=\"2026-01-28T09:10:53+00:00\" \/>\n<meta property=\"og:image\" content=\"https:\/\/partnerschaftsverein-weilrod.de\/wp-content\/uploads\/2025\/01\/2025_01_25_Zeitungsartikel.jpg\" \/>\n\t<meta property=\"og:image:width\" content=\"1600\" \/>\n\t<meta property=\"og:image:height\" content=\"846\" \/>\n\t<meta property=\"og:image:type\" content=\"image\/jpeg\" \/>\n<meta name=\"twitter:card\" content=\"summary_large_image\" \/>\n<meta name=\"twitter:label1\" content=\"Gesch\u00e4tzte Lesezeit\" \/>\n\t<meta name=\"twitter:data1\" content=\"5\u00a0Minuten\" \/>\n<script type=\"application\/ld+json\" class=\"yoast-schema-graph\">{\"@context\":\"https:\\\/\\\/schema.org\",\"@graph\":[{\"@type\":\"WebPage\",\"@id\":\"https:\\\/\\\/partnerschaftsverein-weilrod.de\\\/index.php\\\/sample-page\\\/der-vorstand-stellt-sich-vor\\\/\",\"url\":\"https:\\\/\\\/partnerschaftsverein-weilrod.de\\\/index.php\\\/sample-page\\\/der-vorstand-stellt-sich-vor\\\/\",\"name\":\"In der Presse - \u00a9 2024 -2026 :: Verein zur F\u00f6rderung nationaler und internationaler Beziehungen Weilrod e.V.\",\"isPartOf\":{\"@id\":\"https:\\\/\\\/partnerschaftsverein-weilrod.de\\\/#website\"},\"primaryImageOfPage\":{\"@id\":\"https:\\\/\\\/partnerschaftsverein-weilrod.de\\\/index.php\\\/sample-page\\\/der-vorstand-stellt-sich-vor\\\/#primaryimage\"},\"image\":{\"@id\":\"https:\\\/\\\/partnerschaftsverein-weilrod.de\\\/index.php\\\/sample-page\\\/der-vorstand-stellt-sich-vor\\\/#primaryimage\"},\"thumbnailUrl\":\"https:\\\/\\\/partnerschaftsverein-weilrod.de\\\/wp-content\\\/uploads\\\/2025\\\/01\\\/2025_01_25_Zeitungsartikel-1024x541.jpg\",\"datePublished\":\"2025-01-27T09:43:09+00:00\",\"dateModified\":\"2026-01-28T09:10:53+00:00\",\"breadcrumb\":{\"@id\":\"https:\\\/\\\/partnerschaftsverein-weilrod.de\\\/index.php\\\/sample-page\\\/der-vorstand-stellt-sich-vor\\\/#breadcrumb\"},\"inLanguage\":\"de\",\"potentialAction\":[{\"@type\":\"ReadAction\",\"target\":[\"https:\\\/\\\/partnerschaftsverein-weilrod.de\\\/index.php\\\/sample-page\\\/der-vorstand-stellt-sich-vor\\\/\"]}]},{\"@type\":\"ImageObject\",\"inLanguage\":\"de\",\"@id\":\"https:\\\/\\\/partnerschaftsverein-weilrod.de\\\/index.php\\\/sample-page\\\/der-vorstand-stellt-sich-vor\\\/#primaryimage\",\"url\":\"https:\\\/\\\/partnerschaftsverein-weilrod.de\\\/wp-content\\\/uploads\\\/2025\\\/01\\\/2025_01_25_Zeitungsartikel.jpg\",\"contentUrl\":\"https:\\\/\\\/partnerschaftsverein-weilrod.de\\\/wp-content\\\/uploads\\\/2025\\\/01\\\/2025_01_25_Zeitungsartikel.jpg\",\"width\":1600,\"height\":846},{\"@type\":\"BreadcrumbList\",\"@id\":\"https:\\\/\\\/partnerschaftsverein-weilrod.de\\\/index.php\\\/sample-page\\\/der-vorstand-stellt-sich-vor\\\/#breadcrumb\",\"itemListElement\":[{\"@type\":\"ListItem\",\"position\":1,\"name\":\"Startseite\",\"item\":\"https:\\\/\\\/partnerschaftsverein-weilrod.de\\\/\"},{\"@type\":\"ListItem\",\"position\":2,\"name\":\"\u00dcber den Verein\",\"item\":\"https:\\\/\\\/partnerschaftsverein-weilrod.de\\\/index.php\\\/sample-page\\\/\"},{\"@type\":\"ListItem\",\"position\":3,\"name\":\"In der Presse\"}]},{\"@type\":\"WebSite\",\"@id\":\"https:\\\/\\\/partnerschaftsverein-weilrod.de\\\/#website\",\"url\":\"https:\\\/\\\/partnerschaftsverein-weilrod.de\\\/\",\"name\":\"\u00a9 2024 -2026 :: Verein zur F\u00f6rderung nationaler und internationaler Beziehungen Weilrod e.V.\",\"description\":\"\",\"publisher\":{\"@id\":\"https:\\\/\\\/partnerschaftsverein-weilrod.de\\\/#organization\"},\"potentialAction\":[{\"@type\":\"SearchAction\",\"target\":{\"@type\":\"EntryPoint\",\"urlTemplate\":\"https:\\\/\\\/partnerschaftsverein-weilrod.de\\\/?s={search_term_string}\"},\"query-input\":{\"@type\":\"PropertyValueSpecification\",\"valueRequired\":true,\"valueName\":\"search_term_string\"}}],\"inLanguage\":\"de\"},{\"@type\":\"Organization\",\"@id\":\"https:\\\/\\\/partnerschaftsverein-weilrod.de\\\/#organization\",\"name\":\"\u00a9 2024 -2026 :: Verein zur F\u00f6rderung nationaler und internationaler Beziehungen Weilrod e.V.\",\"url\":\"https:\\\/\\\/partnerschaftsverein-weilrod.de\\\/\",\"logo\":{\"@type\":\"ImageObject\",\"inLanguage\":\"de\",\"@id\":\"https:\\\/\\\/partnerschaftsverein-weilrod.de\\\/#\\\/schema\\\/logo\\\/image\\\/\",\"url\":\"https:\\\/\\\/partnerschaftsverein-weilrod.de\\\/wp-content\\\/uploads\\\/2024\\\/03\\\/Logo-rund.png\",\"contentUrl\":\"https:\\\/\\\/partnerschaftsverein-weilrod.de\\\/wp-content\\\/uploads\\\/2024\\\/03\\\/Logo-rund.png\",\"width\":1024,\"height\":1024,\"caption\":\"\u00a9 2024 -2026 :: Verein zur F\u00f6rderung nationaler und internationaler Beziehungen Weilrod e.V.\"},\"image\":{\"@id\":\"https:\\\/\\\/partnerschaftsverein-weilrod.de\\\/#\\\/schema\\\/logo\\\/image\\\/\"}}]}<\/script>\n<!-- \/ Yoast SEO plugin. -->","yoast_head_json":{"title":"In der Presse - \u00a9 2024 -2026 :: Verein zur F\u00f6rderung nationaler und internationaler Beziehungen Weilrod e.V.","robots":{"index":"index","follow":"follow","max-snippet":"max-snippet:-1","max-image-preview":"max-image-preview:large","max-video-preview":"max-video-preview:-1"},"canonical":"https:\/\/partnerschaftsverein-weilrod.de\/index.php\/sample-page\/der-vorstand-stellt-sich-vor\/","og_locale":"de_DE","og_type":"article","og_title":"In der Presse - \u00a9 2024 -2026 :: Verein zur F\u00f6rderung nationaler und internationaler Beziehungen Weilrod e.V.","og_description":"Jugendaustausch Vom 9. bis 16. Juli 2025 machten sich zw\u00f6lf Jugendliche aus Weilrod, sechs M\u00e4dchen und sechs Jungen, gemeinsam mit vier Betreuern auf den Weg zu unserer franz\u00f6sischen Partnergemeinde Billy-Berclau. Nach dem Start am Mittwoch in Riedelbach erreichten wir direkt den Empfang, bei dem unsere Gastgeber uns mit kleinen Geb\u00e4cken und alkoholfreien Getr\u00e4nken begr\u00fc\u00dften. Die [&hellip;]","og_url":"https:\/\/partnerschaftsverein-weilrod.de\/index.php\/sample-page\/der-vorstand-stellt-sich-vor\/","og_site_name":"\u00a9 2024 -2026 :: Verein zur F\u00f6rderung nationaler und internationaler Beziehungen Weilrod e.V.","article_modified_time":"2026-01-28T09:10:53+00:00","og_image":[{"width":1600,"height":846,"url":"https:\/\/partnerschaftsverein-weilrod.de\/wp-content\/uploads\/2025\/01\/2025_01_25_Zeitungsartikel.jpg","type":"image\/jpeg"}],"twitter_card":"summary_large_image","twitter_misc":{"Gesch\u00e4tzte Lesezeit":"5\u00a0Minuten"},"schema":{"@context":"https:\/\/schema.org","@graph":[{"@type":"WebPage","@id":"https:\/\/partnerschaftsverein-weilrod.de\/index.php\/sample-page\/der-vorstand-stellt-sich-vor\/","url":"https:\/\/partnerschaftsverein-weilrod.de\/index.php\/sample-page\/der-vorstand-stellt-sich-vor\/","name":"In der Presse - \u00a9 2024 -2026 :: Verein zur F\u00f6rderung nationaler und internationaler Beziehungen Weilrod e.V.","isPartOf":{"@id":"https:\/\/partnerschaftsverein-weilrod.de\/#website"},"primaryImageOfPage":{"@id":"https:\/\/partnerschaftsverein-weilrod.de\/index.php\/sample-page\/der-vorstand-stellt-sich-vor\/#primaryimage"},"image":{"@id":"https:\/\/partnerschaftsverein-weilrod.de\/index.php\/sample-page\/der-vorstand-stellt-sich-vor\/#primaryimage"},"thumbnailUrl":"https:\/\/partnerschaftsverein-weilrod.de\/wp-content\/uploads\/2025\/01\/2025_01_25_Zeitungsartikel-1024x541.jpg","datePublished":"2025-01-27T09:43:09+00:00","dateModified":"2026-01-28T09:10:53+00:00","breadcrumb":{"@id":"https:\/\/partnerschaftsverein-weilrod.de\/index.php\/sample-page\/der-vorstand-stellt-sich-vor\/#breadcrumb"},"inLanguage":"de","potentialAction":[{"@type":"ReadAction","target":["https:\/\/partnerschaftsverein-weilrod.de\/index.php\/sample-page\/der-vorstand-stellt-sich-vor\/"]}]},{"@type":"ImageObject","inLanguage":"de","@id":"https:\/\/partnerschaftsverein-weilrod.de\/index.php\/sample-page\/der-vorstand-stellt-sich-vor\/#primaryimage","url":"https:\/\/partnerschaftsverein-weilrod.de\/wp-content\/uploads\/2025\/01\/2025_01_25_Zeitungsartikel.jpg","contentUrl":"https:\/\/partnerschaftsverein-weilrod.de\/wp-content\/uploads\/2025\/01\/2025_01_25_Zeitungsartikel.jpg","width":1600,"height":846},{"@type":"BreadcrumbList","@id":"https:\/\/partnerschaftsverein-weilrod.de\/index.php\/sample-page\/der-vorstand-stellt-sich-vor\/#breadcrumb","itemListElement":[{"@type":"ListItem","position":1,"name":"Startseite","item":"https:\/\/partnerschaftsverein-weilrod.de\/"},{"@type":"ListItem","position":2,"name":"\u00dcber den Verein","item":"https:\/\/partnerschaftsverein-weilrod.de\/index.php\/sample-page\/"},{"@type":"ListItem","position":3,"name":"In der Presse"}]},{"@type":"WebSite","@id":"https:\/\/partnerschaftsverein-weilrod.de\/#website","url":"https:\/\/partnerschaftsverein-weilrod.de\/","name":"\u00a9 2024 -2026 :: Verein zur F\u00f6rderung nationaler und internationaler Beziehungen Weilrod e.V.","description":"","publisher":{"@id":"https:\/\/partnerschaftsverein-weilrod.de\/#organization"},"potentialAction":[{"@type":"SearchAction","target":{"@type":"EntryPoint","urlTemplate":"https:\/\/partnerschaftsverein-weilrod.de\/?s={search_term_string}"},"query-input":{"@type":"PropertyValueSpecification","valueRequired":true,"valueName":"search_term_string"}}],"inLanguage":"de"},{"@type":"Organization","@id":"https:\/\/partnerschaftsverein-weilrod.de\/#organization","name":"\u00a9 2024 -2026 :: Verein zur F\u00f6rderung nationaler und internationaler Beziehungen Weilrod e.V.","url":"https:\/\/partnerschaftsverein-weilrod.de\/","logo":{"@type":"ImageObject","inLanguage":"de","@id":"https:\/\/partnerschaftsverein-weilrod.de\/#\/schema\/logo\/image\/","url":"https:\/\/partnerschaftsverein-weilrod.de\/wp-content\/uploads\/2024\/03\/Logo-rund.png","contentUrl":"https:\/\/partnerschaftsverein-weilrod.de\/wp-content\/uploads\/2024\/03\/Logo-rund.png","width":1024,"height":1024,"caption":"\u00a9 2024 -2026 :: Verein zur F\u00f6rderung nationaler und internationaler Beziehungen Weilrod e.V."},"image":{"@id":"https:\/\/partnerschaftsverein-weilrod.de\/#\/schema\/logo\/image\/"}}]}},"_links":{"self":[{"href":"https:\/\/partnerschaftsverein-weilrod.de\/index.php\/wp-json\/wp\/v2\/pages\/367","targetHints":{"allow":["GET"]}}],"collection":[{"href":"https:\/\/partnerschaftsverein-weilrod.de\/index.php\/wp-json\/wp\/v2\/pages"}],"about":[{"href":"https:\/\/partnerschaftsverein-weilrod.de\/index.php\/wp-json\/wp\/v2\/types\/page"}],"author":[{"embeddable":true,"href":"https:\/\/partnerschaftsverein-weilrod.de\/index.php\/wp-json\/wp\/v2\/users\/1"}],"replies":[{"embeddable":true,"href":"https:\/\/partnerschaftsverein-weilrod.de\/index.php\/wp-json\/wp\/v2\/comments?post=367"}],"version-history":[{"count":17,"href":"https:\/\/partnerschaftsverein-weilrod.de\/index.php\/wp-json\/wp\/v2\/pages\/367\/revisions"}],"predecessor-version":[{"id":696,"href":"https:\/\/partnerschaftsverein-weilrod.de\/index.php\/wp-json\/wp\/v2\/pages\/367\/revisions\/696"}],"up":[{"embeddable":true,"href":"https:\/\/partnerschaftsverein-weilrod.de\/index.php\/wp-json\/wp\/v2\/pages\/2"}],"wp:attachment":[{"href":"https:\/\/partnerschaftsverein-weilrod.de\/index.php\/wp-json\/wp\/v2\/media?parent=367"}],"curies":[{"name":"wp","href":"https:\/\/api.w.org\/{rel}","templated":true}]}}